t t(y) = -y**3 - 94*y**2 - 446*y - 161. Calculate t(-89).
-72
Let w(b) = -26*b - 45. Give w(12).
-357
Let t(l) = -12*l**3 + 5*l**2 - 15*l + 24. What is t(2)?
-82
Let z(p) = p**3 + 38*p**2 - 4*p - 240. What is z(-38)?
-88
Let k(w) = 3*w**3 - 27*w**2 - 17*w + 40. What is k(3)?
-173
Let t(r) = 9*r**2 - 46*r - 46. Determine t(-1).
9
Let s(z) = -z**2 + 7*z - 49. What is s(15)?
-169
Let k(h) = 27*h**3 + 107*h**2 - 11. Give k(-4).
-27
Let v(w) = 15482*w + 61942. Calculate v(-4).
14
Let u(i) = 4795*i - 81510. Calculate u(17).
5
Let w(o) = -o**3 - 2*o**2 + 82*o - 25. Calculate w(-10).
-45
Let u(d) = -15*d**2 - 71*d + 121. Give u(-6).
7
Let s(z) = -z**2 + 1050*z - 9402. Give s(9).
-33
Let w(p) = -163*p - 3. Give w(-2).
323
Let h(d) = -60*d + 50. What is h(-5)?
350
Let y(i) = -106*i + 237. What is y(11)?
-929
Let p(h) = -579*h - 579. Determine p(-1).
0
Let g(w) = w**3 + 41*w**2 - 34*w + 70. Give g(-42).
-266
Let o(r) = 3*r**3 + 11*r**2 - 3*r - 3. Determine o(-3).
24
Let x(w) = 45*w - 530. Calculate x(12).
10
Let d(p) = -2*p**3 - 15*p**2 + 33*p + 53. Calculate d(-9).
-1
Let q(t) = t**3 + 4*t**2 - 11*t + 14. Determine q(2).
16
Let l(w) = -w**2 - 51*w - 41. What is l(0)?
-41
Let q(p) = 27*p**2 + 215*p - 32. What is q(-8)?
-24
Let z(x) = -x**2 + 24*x + 693. Determine z(41).
-4
Let k(m) = m**3 + 72*m**2 - 73*m + 52. Determine k(-73).
52
Let v(b) = -b**3 - 3*b**2 + 33*b + 43. Determine v(-7).
8
Let y(s) = -3*s**2 + 75*s - 34. Determine y(24).
38
Let y(z) = -2*z**2 - 4*z + 257. What is y(-12)?
17
Let g(r) = -58*r + 271. Determine g(8).
-193
Let h(f) = 39*f - 1274. Give h(36).
130
Let w(c) = -c**3 - 56*c**2 + 6*c + 323. Calculate w(-56).
-13
Let u(z) = -98*z**2 - 495*z - 21. Calculate u(-5).
4
Let a(b) = -103*b**2 + 621*b - 2. What is a(6)?
16
Let p(v) = v**2 - 16*v - 405. Calculate p(-19).
260
Let b(k) = 27*k**2 + 81*k. Determine b(-8).
1080
Let c(s) = 2*s**2 + 69*s + 292. What is c(-5)?
-3
Let b(w) = -w**3 + 163*w**2 + 2098*w + 335. Calculate b(175).
-15
Let h(p) = 92*p + 81. Give h(2).
265
Let h(p) = p**2 - 58*p - 193. Determine h(-3).
-10
Let h(m) = -525*m + 17890. Give h(34).
40
Let i(c) = 49*c**2 - 273*c + 4. Determine i(6).
130
Let s(b) = -b**2 - 145*b + 751. Calculate s(5).
1
Let u(t) = 59*t**2 - 35*t - 68. What is u(-2)?
238
Let h(n) = 5*n**2 - 116*n + 410. Determine h(19).
11
Let l(w) = -140*w - 3650. Calculate l(-26).
-10
Let x(p) = 779*p - 4669. What is x(6)?
5
Let q(w) = -3*w**2 + 14*w - 2. Determine q(4).
6
Let b(a) = -a**3 - 22*a**2 + 74*a. Calculate b(-25).
25
Let m(p) = -4*p**2 - 64*p + 134. Determine m(2).
-10
Let o(n) = -3*n**2 + 76*n - 39. Determine o(25).
-14
Let x(t) = 75*t + 1084. What is x(-15)?
-41
Let l(c) = c**2 + 7*c + 14. Determine l(-3).
2
Let x(c) = -19*c**3 - 27*c**2 - 471*c - 470. Calculate x(-1).
-7
Let m(u) = u**3 - 18*u**2 + 110*u - 186. Determine m(3).
9
Let k(q) = -3*q**2 + 267*q - 1. Calculate k(0).
-1
Let p(k) = -3*k**3 - 246*k**2 + 5*k + 414. Calculate p(-82).
4
Let i(d) = d**2 + 52*d - 168. Determine i(-54).
-60
Let n(o) = -o**3 - 27*o**2 - 27*o + 40. Give n(-26).
66
Let t(i) = i**2 + 22*i + 21. Determine t(-21).
0
Let t(c) = -c**3 + 8*c**2 - 10*c + 141. Calculate t(9).
-30
Let m(w) = 2*w**2 - 653*w + 5727. Give m(9).
12
Let n(b) = -4*b**2 + 441*b - 1705. What is n(106)?
97
Let p(n) = 32*n - 663. Calculate p(24).
105
Let v(f) = 46*f**3 - 6*f**2 - 31*f - 61. Calculate v(-2).
-391
Let v(a) = -2*a**3 + 211*a**2 - 114*a + 950. Determine v(105).
5
Let k(b) = -b**3 - 8*b**2 + 13*b + 32. Give k(-9).
-4
Let f(g) = 828*g + 358. What is f(-2)?
-1298
Let h(s) = 19*s**2 - s + 15. What is h(-2)?
93
Let p(d) = -d**3 - 32*d**2 - 121*d - 32. What is p(-27)?
-410
Let d(c) = -c**2 - 34*c - 256. Give d(-23).
-3
Let b(p) = 16*p**2 + 75*p + 12. Determine b(-6).
138
Let q(r) = -41*r + 154. Give q(6).
-92
Let n(i) = 13*i - 1078. Give n(75).
-103
Let w(u) = u**2 - 79*u + 560. Calculate w(71).
-8
Let u(i) = 2*i**2 - 17*i + 36. Determine u(2).
10
Let h(c) = -76*c - 1699. Give h(-23).
49
Let q(x) = 12*x**2 - 109*x + 65. Give q(8).
-39
Let b(h) = -17*h - 1042. Give b(-53).
-141
Let n(t) = -3*t**3 - 288*t**2 - 287*t - 156. What is n(-95)?
34
Let x(a) = -a**3 - 12*a**2 - 20*a + 22. Give x(-6).
-74
Let u(t) = t**3 + 10*t**2 - 92*t - 25. What is u(6)?
-1
Let s(t) = -4*t**2 - 25*t + 16. Give s(-13).
-335
Let l(j) = 2*j**2 + 18*j - 35. What is l(-14)?
105
Let j(a) = a**3 + 71*a**2 - 180*a - 2476. Determine j(-73).
6
Let t(n) = -105*n + 1282. What is t(12)?
22
Let r(w) = 11*w + 70. Give r(0).
70
Let b(c) = 219*c - 2082. Calculate b(10).
108
Let d(h) = h**2 + 17*h + 1. Give d(-11).
-65
Let l(r) = 168*r - 135. Calculate l(2).
201
Let l(b) = 3*b**2 - 106*b + 48. What is l(6)?
-480
Let m(q) = -65*q + 193. What is m(4)?
-67
Let a(n) = 18*n + 1091. What is a(-61)?
-7
Let q(y) = 150*y - 179. Give q(0).
-179
Let k(i) = i**3 + 7*i**2 - 8*i - 95. What is k(-6)?
-11
Let k(c) = 82*c - 1425. What is k(17)?
-31
Let u(r) = 2*r**3 - 24*r**2 - 9*r + 36. Give u(13).
257
Let s(f) = -f**3 - 13*f**2 - 19*f + 18. What is s(-10)?
-92
Let x(o) = -802*o - 14548. Calculate x(-18).
-112
Let r(x) = 2*x**3 - 18*x**2 + 49*x - 264. Give r(8).
0
Let k(n) = 10*n - 61. Determine k(1).
-51
Let m(k) = k**2 - 85*k - 171. Give m(87).
3
Let b(p) = -23*p + 942. Determine b(38).
68
Let u(p) = 10*p**2 + 261*p + 79. Determine u(-26).
53
Let l(o) = 6*o**2 - 538*o - 15823. Give l(113).
-3
Let k(x) = -7*x - 100. What is k(-15)?
5
Let l(q) = q**2 + 17*q - 700. Give l(-38).
98
Let w(a) = a**2 - 44*a - 556. What is w(-12)?
116
Let j(f) = -3*f**3 - 56*f**2 - 23*f + 7. What is j(-18)?
-227
Let l(i) = -i**3 - 22*i**2 + 39*i - 53. Calculate l(-24).
163
Let a(s) = -s**2 + 61*s - 365. Give a(55).
-35
Let y(f) = -7*f**2 - 259*f + 547. Give y(-39).
1
Let s(i) = 44*i + 741. Give s(-17).
-7
Let a(k) = 17*k + 480. What is a(-22)?
106
Let n(y) = y**2 - 37*y - 80. Determine n(-2).
-2
Let h(s) = -13*s**2 - 77*s - 235. Determine h(-3).
-121
Let y(u) = 328*u - 12793. Determine y(39).
-1
Let f(z) = -z**2 + 14*z + 3423. Give f(-52).
-9
Let s(x) = 3900*x + 23303. What is s(-6)?
-97
Let w(f) = -f**3 - 12*f**2 + f + 195. Determine w(-12).
183
Let w(i) = 2*i**3 - 11*i**2 + 88*i - 222. Give w(3).
-3
Let g(z) = -z**3 + 15*z**2 - 13*z - 101. Give g(4).
23
Let z(c) = 59*c + 267. Give z(-6).
-87
Let y(t) = 531*t - 376. Determine y(1).
155
Let s(l) = l**3 - 6*l**2 + 10*l + 17. Give s(6).
77
Let r(d) = d**2 - 12*d + 37. Calculate r(3).
10
Let g(s) = -s**3 - 15*s**2 + 12*s + 14. Calculate g(-16).
78
Let g(t) = -t**2 - 35*t + 64. Calculate g(-37).
-10
Let w(v) = -32*v**2 + 69*v - 68. What is w(1)?
-31
Let n(i) = -3*i**2 + 5*i + 39. What is n(-6)?
-99
Let h(a) = a**2 + a - 79. Calculate h(-15).
131
Let q(g) = -3*g**3 + 29*g**2 + 48*g - 34. Calculate q(11).
10
Let j(n) = 24*n - 1080. Give j(44).
-24
Let l(f) = 33*f + 260. Calculate l(-8).
-4
Let g(q) = -q**3 - 12*q**2 + 31*q + 46. What is g(-14)?
4
Let m(x) = 620*x + 1223. Calculate m(-2).
-17
Let z(y) = -119*y + 591. Give z(5).
-4
Let b(c) = -11*c**3 + 34*c**2 + 12*c - 28. Determine b(3).
17
Let y(a) = 9*a - 516. Give y(30).
-246
Let l(r) = -7850*r - 54917. What is l(-7)?
33
Let s(i) = -1829*i - 27420. Give s(-15).
15
Let n(y) = -y**2 - 5*y + 89. Give n(8).
-15
Let r(t) = 687*t - 12374. Determine r(18).
-8
Let i(w) = w**3 + 2*w**2 - 10*w - 13. Give i(-6).
-97
Let b(y) = -169*y**2 - 1855*y + 4. What is b(-11)?
-40
Let c(u) = 134*u - 26629. What is c(199)?
37
Let h(o) = -2*o**3 - 82*o**2 + 2*o + 66. What is h(-41)?
-16
Let a(d) = -149*d - 833. What is a(0)?
-833
Let y(s) = s**3 + 13*s**2 + 33*s - 19. Determine y(-3).
-28
Let h(r) = -r**3 - 20*r**2 + 18*r + 14. What is h(-21)?
77
Let k(x) = -4*x**3 - 38*x**2 + 116*x - 19. What is k(-12)?
29
Let j(z) = -z**2 - 15*z + 300. Give j(12).
-24
Let s(p) = 58*p + 156. Determine s(-6).
-192
Let v(c) = 191*c + 778. Calculate v(-4).
14
Let f(y) = -11*y + 94. Give f(5).
39
Let g(q) = 273*q - 1706. Calculate g(6).
-68
Let h(g) = -g**3 + 3*g**2 - 56*g + 1590. Give h(11).
6
Let y(v) = -498*v + 180. Give y(1).
-318
Let s(k) = k**3 - 59*k**2 - 7*k - 3398. Determine s(60).
-218
Let g(i) = i**2 + 10*i - 1416. Calculate g(-43).
3
Let l(k) = -93*k - 139. Give l(-3).
140
Let t(m) = -6*m**3 + 12*m - 8. What is t(4)?
-344
Let a(c) = -230*c - 1123. What is a